tor of b?
True
Suppose -c = 2*c. Suppose 2*g + g - 171 = c. Is 17 a factor of g?
False
Let s(y) = 7*y**2 - 3. Is 21 a factor of s(3)?
False
Let n(i) = -i**2 + 11*i + 2. Let w be n(11). Suppose 5*c + 20 = 5*b, 2*c - 1 = 3*c. Suppose -b*x = j - 2*j - 44, -w*x - 2*j = -16. Is x a multiple of 4?
False
Does 53 divide 4*(-10)/(-15)*30?
False
Let k(w) = -w**2 - 8*w - 6. Let o be k(-4). Suppose -o = -3*x + 5. Suppose z - 53 = -x*v - 12, -5*z + 3*v = -93. Is 12 a factor of z?
False
Let t(o) = -1. Let j(s) = 3*s - 7. Let q(x) = j(x) - 6*t(x). Let n be q(1). Suppose -i = h - 16, -n*i + 12 = -h - 23. Does 5 divide i?
False
Let q(n) = n**3 + n**2 + n. Let z(p) = -10*p**3 + 3*p**2 + p - 1. Let j(c) = q(c) - z(c). Is 5 a factor of j(1)?
True
Let g = 10 + -5. Suppose -6 - 9 = g*j. Let q(o) = -4*o + 2. Is 14 a factor of q(j)?
True
Suppose 2*p = -5*j + 143, p + 0*p = 2*j + 67. Is p a multiple of 23?
True
Let i(v) = -6*v + 4. Is i(-4) a multiple of 14?
True
Let y(z) = -z**3 + z**2 - z + 2. Let g be y(0). Suppose 64 = 4*l - 4*c, -g*l + 6*l = -3*c + 92. Is 19 a factor of l?
False
Let o be -1 + 1 - (7 - 12). Suppose -2*j - 208 = -o*p - 0*j, 215 = 5*p + 5*j. Does 21 divide p?
True
Let m = 9 - 5. Does 9 divide (2/m)/(4/72)?
True
Suppose 0 = -5*c + 9*c. Suppose c = 2*q - 10 - 2. Is q a multiple of 3?
True
Suppose -8 = -6*h + 2*h. Suppose -5*y = -5*d - 4*y + 101, h*d - y = 41. Suppose -d = -4*b + 3*q + 20, 0 = q. Does 5 divide b?
True
Let p be (-3)/(9/(-60)) - -1. Suppose 0 = -5*r - 3*a + 53, -a = -r + a + p. Does 6 divide r?
False
Is 14 a factor of (-1799)/(-21) - 10/6?
True
Let d = -130 + 249. Is d a multiple of 16?
False
Let v = -3 - -5. Suppose -v*z + 11 + 11 = 0. Does 12 divide 6/6 - z*-2?
False
Let p(g) = 2*g - 10. Let m be p(7). Suppose -3*i = -m*i + 3. Suppose 15 = -i*t + 36. Is t a multiple of 4?
False
Let h(o) = 43*o**2 - 9*o + 8. Does 6 divide h(1)?
True
Let b = 73 + -45. Let k = -7 - -7. Suppose m - b = -k*m. Is m a multiple of 14?
True
Let q(h) be the third derivative of 7*h**4/24 + h**3/3 + h**2. Does 15 divide q(4)?
True
Let x(v) = 2*v**2 + 5*v + 4. Let a be x(-4). Suppose a = z + 3*z. Does 4 divide z?
True
Suppose 133 = -4*n - 3*g, 3*n - 3*g = -g - 104. Let y = -24 - n. Is y a multiple of 3?
False
Suppose -4*b + 60 = -36. Suppose 2*c - b = -2. Is c a multiple of 11?
True
Suppose 0*b - 2*b + 16 = 0. Let l = 13 + 3. Suppose -l = -4*p + 4*d, -3*p - 2*d = -b*p + 29. Does 4 divide p?
False
Suppose 3*v + 3 = 3*z, 4*v - 10 = -3*z + 7. Does 2 divide z?
False
Let p(f) = f**3 - f**2 - f + 2. Let l be p(-2). Let k(m) be the second derivative of m**4/12 + 2*m**3/3 - 4*m**2 - 3*m. Is k(l) a multiple of 10?
False
Let d = -433 + 741. Is d a multiple of 36?
False
Let n(i) = 4*i**3 - 1. Let b be n(-1). Let c(z) be the first derivative of -z**3/3 - 3*z**2 - 11. Does 2 divide c(b)?
False
Let f be 6/(-3) + 3 + 12. Let s(g) = g**3 - 18*g**2 + 17*g. Let w be s(17). Let x = f + w. Does 9 divide x?
False
Let q(m) = -m**3 - 7*m**2 + 9*m + 16. Does 8 divide q(-8)?
True
Suppose -5*h - 4 = -h. Let r(c) = -c**2 - c + 1. Let d(v) = 3*v**2 + 4*v - 3. Let x(j) = h*d(j) - 5*r(j). Does 12 divide x(-3)?
False
Let d(z) = 3*z**2 - 5*z + 2. Let x be d(5). Suppose -2*g = 5 - 1, -2*y + x = -5*g. Is 7 a factor of y?
True
Let y be (2/4)/(3/(-6)). Let f = y + 11. Is 9 a factor of f?
False
Let x = 757 + -535. Is 22 a factor of x?
False
Does 20 divide 441/14 + ((-6)/(-4))/1?
False
Suppose -3*b - 5*o - 27 = 0, 0 = 3*b - 3*o - 0 + 3. Let h = 12 - 3. Let f = h + b. Does 2 divide f?
False
Let x be (-48)/15*(-15)/2. Suppose -g + x = 3*g. Is 5 a factor of g?
False
Suppose 4*v + 1 = -2*s + 5, 0 = 3*v. Let a = s + 0. Suppose -a*n + n = -43. Is 18 a factor of n?
False
Let m(z) = -2*z - 12. Let p be m(-8). Suppose -u + p*o = 2*u - 34, -o = u - 2. Does 5 divide u?
False
Suppose 5*q - 2*t - 269 = -30, -192 = -4*q + 2*t. Let w = q + -23. Is 8 a factor of w?
True
Let s(g) = -g**3 - 7*g**2 - 2*g. Let f be s(-7). Let o = 5 - 1. Suppose -f = -o*w - 2. Is w even?
False
Let c(v) = -v + 9. Let r be c(7). Suppose 42 = r*m + 2. Does 10 divide m?
True
Suppose 11 + 59 = n. Suppose -u = u - n. Is 8 a factor of u?
False
Suppose n = 5*s + 3*n - 18, -s - 4*n + 18 = 0. Suppose -i - m = -60, s*i = -5*m + 90 + 45. Does 23 divide i?
False
Suppose 2*v - 4*l + 2*l = 8, -3*v + l + 4 = 0. Suppose v = -f + 16. Does 14 divide f?
False
Let l be (-12)/8 + (-1)/(-2). Let p = -13 - -23. Let q = p + l. Does 9 divide q?
True
Does 2 divide ((-16)/24)/(4/(-70))*3?
False
Let w(x) = 0*x**3 + x**3 - 2 + x + 10*x**2 - 4*x**2. Suppose -5*o - 2*u - 13 = 2*u, 4*o + 4*u = -8. Does 9 divide w(o)?
True
Let t = 382 - 135. Is t a multiple of 74?
False
Let g(m) = -m**3 - 23*m**2 - 22*m + 6. Is 3 a factor of g(-22)?
True
Suppose 47 = 5*a - j, -2*a - 2*j + 20 = -3*j. Suppose -3*r = -5*d + 12 + a, -r = 2*d - 4. Suppose -d*l + 49 = -5. Is 8 a factor of l?
False
Let w(k) be the second derivative of 1/4*k**4 + 0 + 0*k**2 - 2*k - 1/3*k**3. Is w(2) a multiple of 4?
True
Let t = 1 + 2. Suppose 0 = -t*b + 2*b + 11. Is 10 a factor of b?
False
Suppose -2*d + 164 = 5*q, -2*d + q + 172 = 2*q. Is 25 a factor of d?
False
Let t = -15 - -35. Does 4 divide t?
True
Let k(v) = v**2 - 2*v - 1. Suppose 0 = -3*s + 2 + 4. Let p be k(s). Does 6 divide 14*(p + 3/2)?
False
Let b = 55 + -29. Is 11 a factor of b?
False
Suppose -2*f + 5*f = 276. Is 23 a factor of f?
True
Suppose -8 = 2*m - 24. Suppose -8 = -m*k + 4*k. Does 7 divide 102/14 + k/(-7)?
True
Suppose 2*s - 6 = 3*t, 0 = -5*s - t + 1 + 14. Suppose -g + s = -3. Is (-3)/g*(-34 - 0) a multiple of 17?
True
Is (35/(-5))/(2/(-4)) a multiple of 4?
False
Let i(k) = k**2 - 9*k + 15. Is i(8) a multiple of 7?
True
Let j be 0 - ((-14)/2 + 2). Suppose 4*q + j = p - 3, p + 3*q - 1 = 0. Suppose -p*g + 105 = g. Does 10 divide g?
False
Does 28 divide 129*(-2)/(-3) - 4/2?
True
Let w = 19 - 57. Let r = -4 - w. Does 19 divide r?
False
Let r = 1 - -1. Let z be (-36)/4*r/(-3). Does 12 divide 1/z - 355/(-30)?
True
Let b = 121 + -68. Is 13 a factor of b?
False
Let q = -7 + 8. Let j be 3/((-9)/(-12))*q. Suppose k - 7 = -l, j*l + k = 1 + 30. Is l a multiple of 4?
True
Is 0/5 - -3 - -39 a multiple of 14?
True
Suppose 5*n - 8 = -93. Let r = n - -40. Let j = 50 - r. Is 12 a factor of j?
False
Let q(p) = 3*p + 12. Is 6 a factor of q(4)?
True
Suppose -l + 2*t + 6 = 0, l + 0*t - 12 = 4*t. Suppose -2*h - 2*h + 8 = l. Is -1 + (-2 - (-16)/h) a multiple of 5?
True
Suppose -9*n + 731 = 254. Does 10 divide n?
False
Suppose -4*b + 86 = 18. Is b a multiple of 4?
False
Let u be -3 + 7 + (-1 - -1). Let z be u*5 - (-1 - -2). Suppose -3*h - 4 = 4*m - z, 0 = -4*m. Does 4 divide h?
False
Suppose -46 = -3*r - 5*d, 2*r - 16 = -0*r + 4*d. Does 2 divide r?
True
Suppose -35 - 12 = -2*z - 3*m, -5*m = -z + 17. Let x = 23 + z. Suppose 0 = -5*o + 95 + x. Does 9 divide o?
False
Let u(j) = j**2 + 9*j - 32. Does 31 divide u(-17)?
False
Let y = 14 - 31. Let a = y + 30. Suppose a = 5*l - 2. Is l even?
False
Let i(n) = 1 - 3 + 3 + 10*n**2 + 2*n. Let q be -2 + (2 + -2 - -1). Does 5 divide i(q)?
False
Let k = 76 - 49. Is 6 a factor of k?
False
Let h = 3 - 5. Let o = h - -11. Does 7 divide o?
False
Let w be (-7 + 111)/(2/3). Suppose 7*z - 4*z + w = 4*j, -2*j = 5*z - 52. Is 18 a factor of j?
True
Suppose -v = 2*v - 126. Is v a multiple of 11?
False
Let i(x) = -x + 4. Let y(w) = w**3 - 5*w**2 - 5*w. Let d be y(6). Let f be i(d). Is 8 a factor of f/1 - -1*15?
False
Suppose 19*j - 24*j = -390. Does 13 divide j?
True
Let t = -2 - -3. Suppose 2*n + 2*d = 3*n + t, 5*n = -d + 28. Suppose -n*r + 24 = -151. Is 21 a factor of r?
False
Let f(s) = s**2 + 2*s - 3. Is 4 a factor of f(3)?
True
Suppose 0 = -4*c + 5*c - 5. Suppose -c*o = -0*o - 110. Does 11 divide o?
True
Let d(a) = -5*a**2 - 8*a - 10. Let b(w) = w**2 + w + 1. Let l(t) = -4*b(t) - d(t). Let y be l(-4). Suppose y*g - g + 3 = v, -5*v = 2*g - 15. Is 3 a factor of v?
True
Let x(k) = k**2 - 5*k + 3. Let v be x(7). Suppose 3*r = -y + 49, r - y - v = -2*y. Is r a multiple of 8?
True
Suppose -110 = -5*d + 215. Suppose 0*t - 3*w = 5*t - 152, 3*w = 2*t - d. Is t a multiple of 12?
False
Let s = -9 + 17. Let x = -3 + s. Suppose -2*b + 5*t + 108 = 0, x*t = 3*b - 95 - 72. Is 17 a factor of b?
False
Let z = -9 + -30. Let q = -26 - z. Let i = q - 1. I